**2 + 6*v - 7. Let h(m) = -6*o(m) - 7*q(m). Let b be h(-1). Suppose 2*y - b = 802. Is y prime?
True
Let d = -8 - -11. Suppose d*r + 1181 = -0*b + b, 3*b - 3543 = 5*r. Is b a composite number?
False
Let q = -88 - -61. Let k = q + 30. Suppose 5*i - 499 = -4*t, -4*i + 91 = -k*i + 3*t. Is i a composite number?
False
Let b(x) = 2*x + 11. Let c be b(-3). Suppose 0 + 10 = -c*p, -2*p = -3*m + 25. Suppose 0 = m*l - 45 - 4. Is l a composite number?
False
Suppose h + 5*h = 954. Is h prime?
False
Let l(y) = -19*y + 1. Suppose -8 = -4*g - 20. Is l(g) composite?
True
Let b be 3 + (-4 - 1) + 2. Suppose 2*v - 3*c - 13 = -4*c, 4*v - c - 35 = b. Let u = v + 15. Is u a composite number?
False
Let j(s) = -s**2 + s. Let x(z) = 10*z**2 - 8*z - 3. Let i(r) = -j(r) + x(r). Is i(-13) prime?
True
Suppose 611 = 5*k - 2*d - 2*d, -111 = -k - 2*d. Let i = 913 - k. Is i prime?
False
Let a = 756 + -248. Let p = 21 - 18. Suppose 503 + a = p*d. Is d prime?
True
Let p be (-5)/(25/(-106))*5/2. Let y = -109 + 199. Let l = y - p. Is l composite?
False
Is (-9923)/((-4)/3 + 5/15) prime?
True
Let s(p) = -127*p**3 + p**2 - 6*p. Let i(q) = 6*q**2 - 3*q - 4*q - 127*q**3 - 5*q**2. Let u(g) = 5*i(g) - 6*s(g). Is u(1) a prime number?
True
Let i = -2640 - -5473. Is i a prime number?
True
Suppose -2154 = -g + 3*s - s, -4317 = -2*g - 5*s. Suppose 4*v - 5*h + g = 8328, -2*h = -4*v + 6172. Is v a composite number?
False
Is 4004 + ((-12)/(-3) - 5)/1 composite?
False
Suppose 4*g = -f + g - 11, -4*f - 3*g = 8. Let w(t) = -t**3 + 2*t - 1. Let v be w(f). Suppose v = -5*o + 354 + 671. Is o a composite number?
True
Suppose 0 = -4*v - 2*w + 346, -3*v - 3*w = w - 252. Suppose 3*b - v = 7*b. Is ((-26)/4)/(1/b) a composite number?
True
Let i(p) = -p**3 + 14*p**2 + 22*p - 44. Is i(7) prime?
False
Let n(t) = -495*t + 371. Is n(-12) a composite number?
False
Suppose 0 = 4*n - 2 - 6. Suppose 2*t + 4*o - n*o = 1564, -t + 777 = 2*o. Is t a composite number?
False
Let q(t) = t**2 - 4*t + 3. Let a be q(4). Suppose 770 = -2*d - a*d. Let i = -108 - d. Is i a composite number?
True
Suppose -1 = -5*t + 9. Suppose -2*g - t*j + 830 = 2*j, 5*j = -2*g + 828. Is g a composite number?
False
Let g(m) = -2*m**3 + 13*m**2 - 20*m + 11. Suppose 8*i = 2*i - 72. Is g(i) composite?
True
Let n be (0 - -1)/(4/68). Suppose 4*m + m - 76 = 4*k, -2*k - 20 = -m. Suppose m*j = n*j - 1655. Is j a prime number?
True
Suppose 3*r = -45 + 69. Let h(x) = 2*x**3 + 2*x**2 + 11*x + 1. Is h(r) a prime number?
False
Suppose -21*d = 5*d - 308828. Is d a composite number?
True
Suppose 0*s = 5*s + 3*y - 29, -s + 4*y + 15 = 0. Suppose s = i - 18. Is i a prime number?
False
Let u(h) = -h**3 + 11*h**2 - 22*h - 3. Is u(7) composite?
True
Let h = -14 - -18. Suppose -5*a - d + 1221 = -2*a, 0 = -h*a + d + 1628. Is a a composite number?
True
Suppose -11*f + 6*f = -22830. Suppose -2*t - 2*x + f = 0, t + 4*t + x = 11423. Is t a composite number?
True
Suppose -5*p = v - 52948, -3*p + 5*v - 9*v = -31779. Is p prime?
True
Suppose -4*j = j. Suppose 944 + 1041 = 5*h. Suppose -i + h = -j*i. Is i a composite number?
False
Let f = 4 + -1. Suppose 20 = h + f*h. Suppose -2*p = -h*x - 604, 3*p - 5*x - 154 = 757. Is p prime?
True
Let a = -10507 - -20750. Is a a composite number?
False
Let u(z) = -3*z**2 + 6*z - 4. Let x be u(2). Let k(c) = 64*c**2 - 9*c + 1. Is k(x) composite?
False
Suppose -d + 4*m - 636 = -2432, 4*m = 3*d - 5356. Suppose -4*k - k = -3*n - d, -4*k + 1188 = -2*n. Let a = -291 - n. Is a a prime number?
False
Suppose -7989 - 20876 = -5*a. Is a prime?
False
Suppose -t + 2*t = 3*q + 1676, -6697 = -4*t + 5*q. Is t prime?
False
Let m(j) = 140*j + 3. Let s be m(1). Suppose -s = 2*a - 461. Is a a prime number?
False
Let l = -14 - -12. Let i be 499 + (-3 - l) + 3. Suppose -i = -5*x + 514. Is x a prime number?
False
Suppose -4*p + 4*j + 30040 = 0, 5755 + 1757 = p - 3*j. Is p composite?
True
Let u(t) = -11*t - 10. Suppose -32 = n + 3*n. Let z be u(n). Is z + 2/(-4 + 2) a prime number?
False
Let v(h) be the second derivative of 183*h**5/10 + h**4/12 - h**3/6 + 2*h. Let r be v(1). Let n = r + 169. Is n a prime number?
False
Suppose 3*x + 32 = 110. Let n = -29 + x. Is -31*(n - -2)/1 composite?
False
Suppose 16*d = 109503 - 10191. Is d composite?
True
Suppose 9 = s - 4*x, 3*s - 8 - 4 = -3*x. Suppose n - s*n + 1708 = 0. Is n prime?
False
Suppose -j + g + 6 = -0, g = -2*j. Suppose 0*c - j*c + 3320 = 0. Is (-1 - -2)/(4/c) a composite number?
True
Let l be -1 - (-1 - 2) - -733. Let h = -273 + l. Suppose 0 = 3*n + 5*j - h, j + 2*j = -5*n + 754. Is n a prime number?
True
Suppose 18*s = 15*s + 4035. Suppose -s = 5*g - 10*g. Is g a composite number?
False
Suppose -3*h + f = -219 + 41, 2*f - 293 = -5*h. Suppose 4*s - 39 = 121. Suppose q + 5*m - s = h, q - 71 = 2*m. Is q a composite number?
False
Let r be 2 - (-1 + -109 + -2). Suppose 2*v = 2*t + r, -2*v - 4*t + 164 = v. Suppose -23 = -l + v. Is l a prime number?
True
Suppose t - 6*x + 2261 = -3*x, -5*x + 4527 = -2*t. Let k = 3345 + t. Is k prime?
True
Suppose q - 3*j - 7 = 0, q - 3*q + 2*j = -6. Is q/(1 + -3 + (-2949)/(-1473)) a composite number?
False
Let r = -63496 - -144027. Is r a prime number?
False
Let r(o) = o**2 - 7*o + 3. Let p be r(6). Let w be -4 - (-3)/p*-7. Suppose -w*t + 57 + 102 = 0. Is t a prime number?
True
Suppose 63024 + 63992 = 8*s. Is s prime?
True
Suppose 5*c - 18369 = 1766. Suppose -5*z = -2*g + c, 5*z = 3*g - 3300 - 728. Let t = 1136 + z. Is t composite?
False
Let w(m) = 1037*m**2 - 27*m + 147. Is w(5) prime?
False
Is ((-21806)/4)/((-6)/12) prime?
True
Suppose k + 5*x + 6331 = 4*k, 0 = -3*k - 3*x + 6363. Is k a prime number?
False
Suppose 3*h + 73168 = 4*d + 5*h, h = 2*d - 36584. Suppose -14*i + 10*i = -d. Is i prime?
False
Suppose -3*k - 4*u = -5847, -k + u - 5*u + 1949 = 0. Is k prime?
True
Suppose 0*q + 4 = 2*q. Let l = -88 + 90. Suppose -2*d + 2*f + 283 = -33, q*f - 304 = -l*d. Is d prime?
False
Let q(v) = 3*v**2 - 8*v + 4. Let n be q(-5). Let l = n + 362. Is l composite?
True
Let k be 28/6*53979/38. Suppose 4*r + p - 2*p = k, -r + 2*p = -1659. Is r composite?
False
Suppose 41 = 4*p + 5*o, 4*o - 11 = -p + 2*o. Suppose 6*g - p*g = -1266. Is g a composite number?
True
Let h = -5 - -8. Suppose a + h*f = 0, -5*f = -2*a + a - 8. Is (-1440)/(-27) + 1/a a composite number?
False
Let v(r) = 7*r**2 - r - 9. Let h = -16 + 9. Is v(h) composite?
True
Let z(s) = -9*s + 1. Let p be z(1). Let n = 89 - p. Is n prime?
True
Let w(v) be the second derivative of 8*v**3/3 + 5*v**2 - 5*v. Is w(12) a composite number?
True
Let y = 452 + -267. Is y a composite number?
True
Suppose 18641 = -8*s + 76505. Is s prime?
False
Let l(c) = -58*c**3 + 2*c**2 + 3*c + 1. Suppose 6*p = 5*p + 3. Suppose 0 = -p*q - 2*q - 5. Is l(q) prime?
False
Let s = -144 - -129. Let m = s + 72. Is m prime?
False
Suppose 0 = -5*u + 401 + 609. Is 10/6 + u/3 prime?
False
Suppose -5*a = -0*v - 5*v - 65, 0 = 5*a - 3*v - 67. Let g = 29 - a. Is g composite?
True
Suppose -3632 = 4*m - 7*m + 5*g, 0 = -m + 3*g + 1204. Is m a composite number?
True
Suppose -2*y = 6 - 46. Suppose y = -7*u + 3*u. Let a(j) = j**3 + 10*j**2 + 2*j - 4. Is a(u) a composite number?
True
Suppose z - 9342 = -2581. Is z a composite number?
False
Let q(b) = -3*b**3 - 15 - 10*b - 30*b**2 + 4*b**3 + 1 - 2. Is q(31) composite?
True
Let s = 26 - 21. Suppose -s*z - 9243 = 1437. Is 8/14 - z/84 a composite number?
True
Suppose -3*f + 375 = h + 3*h, 4*h - 387 = f. Let u = h + 25. Is u a composite number?
True
Let q(t) = -t**2 + 6*t - 6. Let v(h) = -4*h. Let a be v(-1). Let u be q(a). Suppose 0 = -i + u*o + 2*o + 78, 3*i = -o + 286. Is i a prime number?
False
Let j be 1*-1*(-37 + 46). Let q(m) = -17*m**2 - 52*m - 28. Let h(b) = -6*b**2 - 17*b - 9. Let w(v) = -11*h(v) + 4*q(v). Is w(j) composite?
True
Let z = 1692 + -1013. Is z prime?
False
Suppose 3*w + 4*s - 7898 = 48779, 4*s = 2*w - 37818. Is w prime?
True
Let d(w) = -w**3 + 7*w**2 + 3. Suppose -3*i + 5*i - 30 = 4*k, 0 = 5*i + 2*k - 27. Let q be d(i). Let b(p) = 11*p**3 - p**2 + 3. Is b(q) a composite number?
True
Let j(s) = -s**3 + 2*s**2 - 2*s + 875. Let z be j(0). Suppose -7*x = -1274 - z. Is x composite?
False
Suppose b + 2*i - 9773 = 0, -39092 = -0*b - 4*b - 2*i. Is b a prime number?
False
Let x be 1/(8703/(-4351) - -2). Let m = 7074 + x. I